vided by 8?
4
Let s(t) = 733*t**2 + t + 1. What is the remainder when s(1) is divided by 18?
15
Suppose -25*u - 555 = -40*u. What is the remainder when 181 is divided by u?
33
Let m = 33 + 28. Calculate the remainder when m is divided by 23.
15
Let d(x) = x**2 + 5*x + 12. Suppose -3*r = -5*j - 13, -r - 3*j = 15 + 4. What is the remainder when -2*(50/r + 1) is divided by d(-5)?
11
Let c be ((-10)/(-4))/((-5)/(-10)). Suppose 17 = 5*v - 4*x, -4*v - c*x + 30 = -0*v. Suppose v*w - 6*w = -29. Calculate the remainder when 83 is divided by w.
25
Let t(m) = 6*m - 2 + m + 6 + 0*m. Let l be t(3). Suppose -b = -6*b + l. What is the remainder when 14 is divided by b?
4
Let y = -75 + 281. What is the remainder when y is divided by 26?
24
Let c = 33 - 12. Suppose 0*w - 2*w + 22 = 0. Suppose 0 = -2*f + w + 1. What is the remainder when c is divided by f?
3
Suppose -8*u = -23*u + 315. Calculate the remainder when 37 is divided by u.
16
Suppose 0 = 13*z - 5*z - 328. Let r = 24 - 12. Calculate the remainder when z is divided by r.
5
Let w = -360 - -533. What is the remainder when w is divided by 59?
55
Let f = 143 + -127. Calculate the remainder when f is divided by 9.
7
Suppose 39 = -3*l - 5*j, 39 = -3*l - 0*l + 2*j. Let b = -2 - l. Calculate the remainder when (6 + 1)/1*3 is divided by b.
10
Let f = -323 + -23. Let q = -167 - f. What is the remainder when q is divided by 6?
5
Let x = -1343 + 1378. What is the remainder when 118 is divided by x?
13
Let w be (-1 - -1)*2*(-4)/24. Calculate the remainder when 21 + w + 3 + 0 is divided by 9.
6
Suppose 0 = 34*w - 891 - 2543. Calculate the remainder when w is divided by 100.
1
Let n(l) = -l**2 + 20*l - 7*l - 1 + 0*l**2. What is the remainder when n(6) is divided by 16?
9
Suppose -2*m - 10 = -7*m. What is the remainder when 1/(-5) - (-252)/10 is divided by ((-14)/(-4))/(m/4)?
4
Let u = 52 - 33. What is the remainder when 35 is divided by u?
16
Suppose -j + 285 = 4*j - 4*a, 4*j - 228 = -4*a. Calculate the remainder when j is divided by 6.
3
Calculate the remainder when (11 - (-1 - -9))*(-334)/(-6) is divided by 13.
11
Calculate the remainder when 438 is divided by 550/44*(-4)/(-5).
8
Let b = 267 - 224. What is the remainder when b is divided by 31?
12
Let d = 13 - 11. Let q(l) = -l**3 - 5*l**2 - 4*l + 2. Suppose -4 - 8 = 3*x. What is the remainder when q(x) is divided by d?
0
Let o = -13 - -33. Let k be (o/8)/(2/12). Let s = k + 0. Calculate the remainder when s is divided by 9.
6
Let r(k) = k**3 - 48*k**2 + 66*k - 194. Calculate the remainder when r(47) is divided by 15.
9
Suppose -4*s + 420 = -2*s - 2*t, t = -3*s + 646. What is the remainder when s is divided by 18?
16
Suppose 28 + 14 = l - 4*z, 4*l + 2*z - 258 = 0. What is the remainder when l is divided by 7?
6
Suppose -28 = k + 3*k. Let n = 24 + k. Suppose -155*w = -160*w - 10, -163 = -5*y - w. Calculate the remainder when y is divided by n.
16
What is the remainder when 416 is divided by 59/15*5 - (-6)/(-9)?
17
Suppose 0 = 2*f - 4, 3*g - 152*f = -151*f + 316. Let h = 2 - -25. Calculate the remainder when g is divided by h.
25
Let u = -396 - -404. Calculate the remainder when 45 is divided by u.
5
Let z = 35 - 29. Let c(k) = -k**2 + 9*k - 6. What is the remainder when 70 is divided by c(z)?
10
Let f(z) = z**2 + 4*z + 14. Let d be f(-8). Suppose 3*c = -7 + d. What is the remainder when c is divided by (1 + (-2 - -5))*1?
1
Suppose 13 = -h + 2*h. Calculate the remainder when 389 is divided by h.
12
Let r(b) = b**3 + b**2 + b. Let f(c) = -5*c**3 - 4*c**2 - c - 3. Let w(q) = f(q) + 3*r(q). What is the remainder when 71 is divided by w(-3)?
35
Let a(x) = -5*x - 30. Let v be a(-6). Suppose v = 71*t - 78*t + 238. Calculate the remainder when t is divided by 9.
7
Suppose -3*x + 0*x - 3*t = -36, -2*t = 4*x - 40. Calculate the remainder when x is divided by (-46)/(-10) - (-8)/20.
3
Suppose 3*x - 250 = 116. Calculate the remainder when x is divided by (-1)/((-560)/(-574) - (1 + 0)).
40
Calculate the remainder when 474 is divided by 103 - (-10 - 18)/(-4).
90
Suppose 6*v = -3*m + v + 1647, 0 = -2*v + 6. Calculate the remainder when m is divided by 7.
5
Let a = 19 + -16. Let p = a - -1. Suppose -h + 4 = -3*m, -m - 19 = -p*h + 41. Calculate the remainder when 30 is divided by h.
14
Let v(c) = 2*c - 6 - 5*c - 8. Let k(f) = 3*f + 14. Let z(n) = 6*k(n) + 5*v(n). Calculate the remainder when 74 is divided by z(8).
36
Let r be ((-1)/(-2))/((-3)/(-276)). Suppose -4*g = 6 - r. Calculate the remainder when g is divided by 3/((-2)/16*-6).
2
Let f be 2 + 39/(-15) + (-8654)/10. What is the remainder when 215 is divided by (-18)/144 - f/16?
53
Let z = 182 - 263. Let i = z - -103. Let b(x) = x**3 + 4*x**2 - x + 4. What is the remainder when i is divided by b(-4)?
6
Let u = 3 - 5. Let o be 2*(-1)/(-1)*u. Let j = o + 8. What is the remainder when 11 is divided by j?
3
Let y = -13 - -30. Suppose 5*m - y - 153 = 0. Calculate the remainder when m is divided by 7.
6
Suppose -4*q + 125 = -47. Suppose -5*i - 23*s = -20*s - 70, -4*i - 2*s = -54. What is the remainder when q is divided by i?
10
Let i = -66 + 171. Suppose 16 = 6*z - 32. Suppose -4*h + 100 + z = 0. Calculate the remainder when i is divided by h.
24
Let a(y) = -4*y**2 - 99*y - 130. Calculate the remainder when a(-21) is divided by 39.
29
Suppose -k = 3*j - 41, 2*k - 2*j = 2 + 56. Calculate the remainder when 95 is divided by k.
31
What is the remainder when (-1)/(-3 - 1462/(-488)) is divided by 41?
39
Suppose 4*w - 465 = -25. What is the remainder when w is divided by 36?
2
Suppose -10 = 10*j - 12*j. Suppose 0 = -y - 4*z - 82, -3*z + 2*z + 410 = -j*y. Calculate the remainder when y/(-2) + 4 + -3 is divided by 22.
20
Suppose -34 = -2*l + 5*c + 2, -3*c = -2*l + 28. Calculate the remainder when 10 is divided by l.
2
Let r(p) = 38*p**2 + 15*p - 5. What is the remainder when r(-3) is divided by 33?
28
Suppose -10 = -5*s, j = s - 0 + 2. Suppose -2*z + 164 = -j*u, 174 = 2*z - u + 2*u. Let d = z + -1. What is the remainder when d is divided by 22?
19
Let t = 34 - 33. Let x(v) = v**3 + 3*v - 2. Calculate the remainder when x(1) is divided by t.
0
Let y(k) = k**3 - 59*k**2 + 58*k + 10. What is the remainder when 1406 is divided by y(58)?
6
Suppose 0 = 59*f - 64*f + 55. Calculate the remainder when 3 is divided by (-1)/(-1)*f/11 - -1.
1
Let p(m) = -m**3 - 11*m**2 + 11*m + 14. Let f be p(-10). Let y = 278 + f. Let b = y - 57. What is the remainder when b is divided by 13?
12
Suppose 0 = -4*y + 11 + 41. What is the remainder when 114 is divided by y?
10
Let n be ((-195)/25 + 5)*(1 + 39). Let y = n + 138. What is the remainder when 68 is divided by y?
16
Let u(r) = 36*r**2 - 3*r + 12. Let c be u(-3). Let a = -202 + c. What is the remainder when a is divided by 29?
27
Suppose -4*w = -d - 220, -3*w + 268 = 2*w - 3*d. Let u(l) = 20*l**3 - l**2 + l. What is the remainder when w is divided by u(1)?
16
Let j = 11 - 27. Calculate the remainder when (j/(-4))/4 - -41 is divided by 11.
9
Let r be ((-2)/4)/(4/(-40)). Suppose -149 = -r*f + 21. Calculate the remainder when f is divided by 12.
10
Suppose 0 = -66*d + 19*d + 1034. Calculate the remainder when 109 is divided by d.
21
What is the remainder when 58 is divided by 2 + -5 + (105/7 - 3)?
4
Let b(d) = -45*d + 115. What is the remainder when 698 is divided by b(2)?
23
Suppose 3*w - 39 = 54. Let d = 42 - w. Calculate the remainder when 40 is divided by d.
7
Suppose -3*m = -2 - 13. Suppose m*o + 2*f - 42 = 22, 29 = o - 5*f. Calculate the remainder when o is divided by 5.
4
Let m(w) = 29*w + w**3 - w**3 + w**3 + 2*w**2 - 32*w. What is the remainder when 47 is divided by m(2)?
7
Suppose 2*v - 3*h + h = 24, -3*v + 42 = 3*h. Calculate the remainder when 35 is divided by v.
9
Suppose 840 = 34*v - 4*v. What is the remainder when v is divided by 8?
4
Suppose -398*m = -408*m + 2920. Calculate the remainder when m is divided by 98.
96
Suppose 18 = 2*s + 6. Let j(m) = 4*m - 33. What is the remainder when s*2/(24/10) is divided by j(9)?
2
Let k = 1 + 2. Suppose 4*u = -3*n, 2*u = -n + 7*u. Suppose 12 = k*a, n*a + 5*a = -4*r + 28. Calculate the remainder when 3 is divided by r.
1
Let o = 8 + -9. Let h = o - -1. Suppose 3*j - 2*l + l - 103 = 0, h = 5*j - 4*l - 160. Calculate the remainder when j is divided by 19.
17
Calc